{"id":207,"date":"2026-02-20T17:13:32","date_gmt":"2026-02-20T17:13:32","guid":{"rendered":"https:\/\/www.anivise.fr\/?page_id=207"},"modified":"2026-03-12T11:24:04","modified_gmt":"2026-03-12T11:24:04","slug":"conseil","status":"publish","type":"page","link":"https:\/\/www.anivise.fr\/index.php\/conseil\/","title":{"rendered":"Conseil"},"content":{"rendered":"\t\t<div data-elementor-type=\"wp-page\" data-elementor-id=\"207\" class=\"elementor elementor-207\" data-elementor-post-type=\"page\">\n\t\t\t\t<div class=\"elementor-element elementor-element-141f4e7 e-flex e-con-boxed e-con e-child\" data-id=\"141f4e7\" data-element_type=\"container\" data-settings=\"{&quot;background_background&quot;:&quot;classic&quot;}\">\n\t\t\t\t\t<div class=\"e-con-inner\">\n\t\t\t\t<div class=\"elementor-element elementor-element-3fff797 elementor-widget elementor-widget-heading\" data-id=\"3fff797\" data-element_type=\"widget\" data-widget_type=\"heading.default\">\n\t\t\t\t<div class=\"elementor-widget-container\">\n\t\t\t\t\t<h2 class=\"elementor-heading-title elementor-size-default\">CONSEIL<\/h2>\t\t\t\t<\/div>\n\t\t\t\t<\/div>\n\t\t\t\t\t<\/div>\n\t\t\t\t<\/div>\n\t\t<div class=\"elementor-element elementor-element-2965f3f0 e-flex e-con-boxed e-con e-parent\" data-id=\"2965f3f0\" data-element_type=\"container\">\n\t\t\t\t\t<div class=\"e-con-inner\">\n\t\t<div class=\"elementor-element elementor-element-44e73ef2 e-con-full e-transform e-flex elementor-invisible e-con e-child\" data-id=\"44e73ef2\" data-element_type=\"container\" data-settings=\"{&quot;animation&quot;:&quot;fadeIn&quot;,&quot;_transform_scale_effect_hover&quot;:{&quot;unit&quot;:&quot;px&quot;,&quot;size&quot;:1.1,&quot;sizes&quot;:[]},&quot;_transform_scale_effect_hover_tablet&quot;:{&quot;unit&quot;:&quot;px&quot;,&quot;size&quot;:&quot;&quot;,&quot;sizes&quot;:[]},&quot;_transform_scale_effect_hover_mobile&quot;:{&quot;unit&quot;:&quot;px&quot;,&quot;size&quot;:&quot;&quot;,&quot;sizes&quot;:[]}}\">\n\t\t\t\t<div class=\"elementor-element elementor-element-39bf1ef8 elementor-position-top elementor-widget elementor-widget-image-box\" data-id=\"39bf1ef8\" data-element_type=\"widget\" data-widget_type=\"image-box.default\">\n\t\t\t\t<div class=\"elementor-widget-container\">\n\t\t\t\t\t<div class=\"elementor-image-box-wrapper\"><figure class=\"elementor-image-box-img\"><a href=\"https:\/\/www.anivise.fr\/index.php\/veille-scientifique-et-communication\/\" tabindex=\"-1\"><img fetchpriority=\"high\" decoding=\"async\" width=\"1440\" height=\"1078\" src=\"https:\/\/www.anivise.fr\/wp-content\/uploads\/2026\/02\/556576028_803968772177286_2204475234355036827_n.jpg\" class=\"attachment-full size-full wp-image-268\" alt=\"\" srcset=\"https:\/\/www.anivise.fr\/wp-content\/uploads\/2026\/02\/556576028_803968772177286_2204475234355036827_n.jpg 1440w, https:\/\/www.anivise.fr\/wp-content\/uploads\/2026\/02\/556576028_803968772177286_2204475234355036827_n-300x225.jpg 300w, https:\/\/www.anivise.fr\/wp-content\/uploads\/2026\/02\/556576028_803968772177286_2204475234355036827_n-1024x767.jpg 1024w, https:\/\/www.anivise.fr\/wp-content\/uploads\/2026\/02\/556576028_803968772177286_2204475234355036827_n-768x575.jpg 768w\" sizes=\"(max-width: 1440px) 100vw, 1440px\" \/><\/a><\/figure><div class=\"elementor-image-box-content\"><h3 class=\"elementor-image-box-title\"><a href=\"https:\/\/www.anivise.fr\/index.php\/veille-scientifique-et-communication\/\">Veille scientifique et communication<\/a><\/h3><p class=\"elementor-image-box-description\">Un appui scientifique individualis\u00e9 pour une communication adapt\u00e9e et sourc\u00e9e.<\/p><\/div><\/div>\t\t\t\t<\/div>\n\t\t\t\t<\/div>\n\t\t\t\t<div class=\"elementor-element elementor-element-4ab53ab0 elementor-align-center elementor-widget elementor-widget-button\" data-id=\"4ab53ab0\" data-element_type=\"widget\" data-widget_type=\"button.default\">\n\t\t\t\t<div class=\"elementor-widget-container\">\n\t\t\t\t\t\t\t\t\t<div class=\"elementor-button-wrapper\">\n\t\t\t\t\t<a class=\"elementor-button elementor-button-link elementor-size-sm\" href=\"https:\/\/www.anivise.fr\/index.php\/veille-scientifique-et-communication\/\">\n\t\t\t\t\t\t<span class=\"elementor-button-content-wrapper\">\n\t\t\t\t\t\t\t\t\t<span class=\"elementor-button-text\">En savoir plus<\/span>\n\t\t\t\t\t<\/span>\n\t\t\t\t\t<\/a>\n\t\t\t\t<\/div>\n\t\t\t\t\t\t\t\t<\/div>\n\t\t\t\t<\/div>\n\t\t\t\t<\/div>\n\t\t<div class=\"elementor-element elementor-element-351afb88 e-con-full e-transform e-flex elementor-invisible e-con e-child\" data-id=\"351afb88\" data-element_type=\"container\" data-settings=\"{&quot;animation&quot;:&quot;fadeIn&quot;,&quot;_transform_scale_effect_hover&quot;:{&quot;unit&quot;:&quot;px&quot;,&quot;size&quot;:1.1,&quot;sizes&quot;:[]},&quot;_transform_scale_effect_hover_tablet&quot;:{&quot;unit&quot;:&quot;px&quot;,&quot;size&quot;:&quot;&quot;,&quot;sizes&quot;:[]},&quot;_transform_scale_effect_hover_mobile&quot;:{&quot;unit&quot;:&quot;px&quot;,&quot;size&quot;:&quot;&quot;,&quot;sizes&quot;:[]}}\">\n\t\t\t\t<div class=\"elementor-element elementor-element-16fa3d0 elementor-position-top elementor-widget elementor-widget-image-box\" data-id=\"16fa3d0\" data-element_type=\"widget\" data-widget_type=\"image-box.default\">\n\t\t\t\t<div class=\"elementor-widget-container\">\n\t\t\t\t\t<div class=\"elementor-image-box-wrapper\"><figure class=\"elementor-image-box-img\"><a href=\"https:\/\/www.anivise.fr\/index.php\/cc-et-aoe\/\" tabindex=\"-1\"><img decoding=\"async\" width=\"1536\" height=\"1536\" src=\"https:\/\/www.anivise.fr\/wp-content\/uploads\/2026\/02\/504066022_725783336662497_1730423634821339930_n.jpg\" class=\"attachment-full size-full wp-image-269\" alt=\"\" srcset=\"https:\/\/www.anivise.fr\/wp-content\/uploads\/2026\/02\/504066022_725783336662497_1730423634821339930_n.jpg 1536w, https:\/\/www.anivise.fr\/wp-content\/uploads\/2026\/02\/504066022_725783336662497_1730423634821339930_n-300x300.jpg 300w, https:\/\/www.anivise.fr\/wp-content\/uploads\/2026\/02\/504066022_725783336662497_1730423634821339930_n-1024x1024.jpg 1024w, https:\/\/www.anivise.fr\/wp-content\/uploads\/2026\/02\/504066022_725783336662497_1730423634821339930_n-150x150.jpg 150w, https:\/\/www.anivise.fr\/wp-content\/uploads\/2026\/02\/504066022_725783336662497_1730423634821339930_n-768x768.jpg 768w\" sizes=\"(max-width: 1536px) 100vw, 1536px\" \/><\/a><\/figure><div class=\"elementor-image-box-content\"><h3 class=\"elementor-image-box-title\"><a href=\"https:\/\/www.anivise.fr\/index.php\/cc-et-aoe\/\">Certificat de capacit\u00e9 et autorisation d'ouverture<\/a><\/h3><p class=\"elementor-image-box-description\">Un accompagnement individualis\u00e9 \u00e0 chaque \u00e9tape de la proc\u00e9dure.<\/p><\/div><\/div>\t\t\t\t<\/div>\n\t\t\t\t<\/div>\n\t\t\t\t<div class=\"elementor-element elementor-element-54b0b57c elementor-align-center elementor-widget elementor-widget-button\" data-id=\"54b0b57c\" data-element_type=\"widget\" data-widget_type=\"button.default\">\n\t\t\t\t<div class=\"elementor-widget-container\">\n\t\t\t\t\t\t\t\t\t<div class=\"elementor-button-wrapper\">\n\t\t\t\t\t<a class=\"elementor-button elementor-button-link elementor-size-sm\" href=\"https:\/\/www.anivise.fr\/index.php\/cc-et-aoe\/\">\n\t\t\t\t\t\t<span class=\"elementor-button-content-wrapper\">\n\t\t\t\t\t\t\t\t\t<span class=\"elementor-button-text\">En savoir plus<\/span>\n\t\t\t\t\t<\/span>\n\t\t\t\t\t<\/a>\n\t\t\t\t<\/div>\n\t\t\t\t\t\t\t\t<\/div>\n\t\t\t\t<\/div>\n\t\t\t\t<\/div>\n\t\t<div class=\"elementor-element elementor-element-351d8914 e-con-full e-transform e-flex elementor-invisible e-con e-child\" data-id=\"351d8914\" data-element_type=\"container\" data-settings=\"{&quot;animation&quot;:&quot;fadeIn&quot;,&quot;_transform_scale_effect_hover&quot;:{&quot;unit&quot;:&quot;px&quot;,&quot;size&quot;:1.1,&quot;sizes&quot;:[]},&quot;_transform_scale_effect_hover_tablet&quot;:{&quot;unit&quot;:&quot;px&quot;,&quot;size&quot;:&quot;&quot;,&quot;sizes&quot;:[]},&quot;_transform_scale_effect_hover_mobile&quot;:{&quot;unit&quot;:&quot;px&quot;,&quot;size&quot;:&quot;&quot;,&quot;sizes&quot;:[]}}\">\n\t\t\t\t<div class=\"elementor-element elementor-element-7b5d6f7f elementor-position-top elementor-widget elementor-widget-image-box\" data-id=\"7b5d6f7f\" data-element_type=\"widget\" data-widget_type=\"image-box.default\">\n\t\t\t\t<div class=\"elementor-widget-container\">\n\t\t\t\t\t<div class=\"elementor-image-box-wrapper\"><figure class=\"elementor-image-box-img\"><a href=\"https:\/\/www.anivise.fr\/index.php\/tenue-administrative\/\" tabindex=\"-1\"><img decoding=\"async\" width=\"1536\" height=\"2048\" src=\"https:\/\/www.anivise.fr\/wp-content\/uploads\/2026\/02\/480157322_631953569378808_1315984451340273020_n.jpg\" class=\"attachment-full size-full wp-image-270\" alt=\"\" srcset=\"https:\/\/www.anivise.fr\/wp-content\/uploads\/2026\/02\/480157322_631953569378808_1315984451340273020_n.jpg 1536w, https:\/\/www.anivise.fr\/wp-content\/uploads\/2026\/02\/480157322_631953569378808_1315984451340273020_n-225x300.jpg 225w, https:\/\/www.anivise.fr\/wp-content\/uploads\/2026\/02\/480157322_631953569378808_1315984451340273020_n-768x1024.jpg 768w, https:\/\/www.anivise.fr\/wp-content\/uploads\/2026\/02\/480157322_631953569378808_1315984451340273020_n-1152x1536.jpg 1152w\" sizes=\"(max-width: 1536px) 100vw, 1536px\" \/><\/a><\/figure><div class=\"elementor-image-box-content\"><h3 class=\"elementor-image-box-title\"><a href=\"https:\/\/www.anivise.fr\/index.php\/tenue-administrative\/\">Tenue administrative des \u00e9tablissements<\/a><\/h3><p class=\"elementor-image-box-description\">Un accompagnement r\u00e9glementaire \u00e0 jour pour une bonne conformit\u00e9 des structures zoologiques.<\/p><\/div><\/div>\t\t\t\t<\/div>\n\t\t\t\t<\/div>\n\t\t\t\t<div class=\"elementor-element elementor-element-196790c9 elementor-align-center elementor-widget elementor-widget-button\" data-id=\"196790c9\" data-element_type=\"widget\" data-widget_type=\"button.default\">\n\t\t\t\t<div class=\"elementor-widget-container\">\n\t\t\t\t\t\t\t\t\t<div class=\"elementor-button-wrapper\">\n\t\t\t\t\t<a class=\"elementor-button elementor-button-link elementor-size-sm\" href=\"https:\/\/www.anivise.fr\/index.php\/tenue-administrative\/\">\n\t\t\t\t\t\t<span class=\"elementor-button-content-wrapper\">\n\t\t\t\t\t\t\t\t\t<span class=\"elementor-button-text\">En savoir plus<\/span>\n\t\t\t\t\t<\/span>\n\t\t\t\t\t<\/a>\n\t\t\t\t<\/div>\n\t\t\t\t\t\t\t\t<\/div>\n\t\t\t\t<\/div>\n\t\t\t\t<\/div>\n\t\t<div class=\"elementor-element elementor-element-9d7bfc8 e-con-full e-transform e-flex elementor-invisible e-con e-child\" data-id=\"9d7bfc8\" data-element_type=\"container\" data-settings=\"{&quot;animation&quot;:&quot;fadeIn&quot;,&quot;_transform_scale_effect_hover&quot;:{&quot;unit&quot;:&quot;px&quot;,&quot;size&quot;:1.1,&quot;sizes&quot;:[]},&quot;_transform_scale_effect_hover_tablet&quot;:{&quot;unit&quot;:&quot;px&quot;,&quot;size&quot;:&quot;&quot;,&quot;sizes&quot;:[]},&quot;_transform_scale_effect_hover_mobile&quot;:{&quot;unit&quot;:&quot;px&quot;,&quot;size&quot;:&quot;&quot;,&quot;sizes&quot;:[]}}\">\n\t\t\t\t<div class=\"elementor-element elementor-element-460bfb57 elementor-position-top elementor-widget elementor-widget-image-box\" data-id=\"460bfb57\" data-element_type=\"widget\" data-widget_type=\"image-box.default\">\n\t\t\t\t<div class=\"elementor-widget-container\">\n\t\t\t\t\t<div class=\"elementor-image-box-wrapper\"><figure class=\"elementor-image-box-img\"><a href=\"https:\/\/www.anivise.fr\/index.php\/conseil-2\/\" tabindex=\"-1\"><img loading=\"lazy\" decoding=\"async\" width=\"1920\" height=\"1282\" src=\"https:\/\/www.anivise.fr\/wp-content\/uploads\/2026\/02\/475772378_622070000367165_1247223068654271098_n.jpg\" class=\"attachment-full size-full wp-image-274\" alt=\"\" srcset=\"https:\/\/www.anivise.fr\/wp-content\/uploads\/2026\/02\/475772378_622070000367165_1247223068654271098_n.jpg 1920w, https:\/\/www.anivise.fr\/wp-content\/uploads\/2026\/02\/475772378_622070000367165_1247223068654271098_n-300x200.jpg 300w, https:\/\/www.anivise.fr\/wp-content\/uploads\/2026\/02\/475772378_622070000367165_1247223068654271098_n-1024x684.jpg 1024w, https:\/\/www.anivise.fr\/wp-content\/uploads\/2026\/02\/475772378_622070000367165_1247223068654271098_n-768x513.jpg 768w, https:\/\/www.anivise.fr\/wp-content\/uploads\/2026\/02\/475772378_622070000367165_1247223068654271098_n-1536x1026.jpg 1536w\" sizes=\"(max-width: 1920px) 100vw, 1920px\" \/><\/a><\/figure><div class=\"elementor-image-box-content\"><h3 class=\"elementor-image-box-title\"><a href=\"https:\/\/www.anivise.fr\/index.php\/conseil-2\/\">Design des voli\u00e8res pour le vol libre<\/a><\/h3><p class=\"elementor-image-box-description\">Repenser l'h\u00e9bergement des oiseaux afin de respecter au mieux leur bien-\u00eatre.<\/p><\/div><\/div>\t\t\t\t<\/div>\n\t\t\t\t<\/div>\n\t\t\t\t<div class=\"elementor-element elementor-element-4456f34e elementor-align-center elementor-widget elementor-widget-button\" data-id=\"4456f34e\" data-element_type=\"widget\" data-widget_type=\"button.default\">\n\t\t\t\t<div class=\"elementor-widget-container\">\n\t\t\t\t\t\t\t\t\t<div class=\"elementor-button-wrapper\">\n\t\t\t\t\t<a class=\"elementor-button elementor-button-link elementor-size-sm\" href=\"https:\/\/www.anivise.fr\/index.php\/conseil-2\/\">\n\t\t\t\t\t\t<span class=\"elementor-button-content-wrapper\">\n\t\t\t\t\t\t\t\t\t<span class=\"elementor-button-text\">En savoir plus<\/span>\n\t\t\t\t\t<\/span>\n\t\t\t\t\t<\/a>\n\t\t\t\t<\/div>\n\t\t\t\t\t\t\t\t<\/div>\n\t\t\t\t<\/div>\n\t\t\t\t<\/div>\n\t\t<div class=\"elementor-element elementor-element-40d06463 e-con-full e-transform e-flex elementor-invisible e-con e-child\" data-id=\"40d06463\" data-element_type=\"container\" data-settings=\"{&quot;animation&quot;:&quot;fadeIn&quot;,&quot;_transform_scale_effect_hover&quot;:{&quot;unit&quot;:&quot;px&quot;,&quot;size&quot;:1.1,&quot;sizes&quot;:[]},&quot;_transform_scale_effect_hover_tablet&quot;:{&quot;unit&quot;:&quot;px&quot;,&quot;size&quot;:&quot;&quot;,&quot;sizes&quot;:[]},&quot;_transform_scale_effect_hover_mobile&quot;:{&quot;unit&quot;:&quot;px&quot;,&quot;size&quot;:&quot;&quot;,&quot;sizes&quot;:[]}}\">\n\t\t\t\t<div class=\"elementor-element elementor-element-280d1f7b elementor-position-top elementor-widget elementor-widget-image-box\" data-id=\"280d1f7b\" data-element_type=\"widget\" data-widget_type=\"image-box.default\">\n\t\t\t\t<div class=\"elementor-widget-container\">\n\t\t\t\t\t<div class=\"elementor-image-box-wrapper\"><figure class=\"elementor-image-box-img\"><a href=\"https:\/\/www.anivise.fr\/index.php\/bien-etre-animal-et-ecologie-sensorielle\/\" tabindex=\"-1\"><img loading=\"lazy\" decoding=\"async\" width=\"1536\" height=\"2048\" src=\"https:\/\/www.anivise.fr\/wp-content\/uploads\/2026\/02\/475397745_622074327033399_7450021120523050525_n.jpg\" class=\"attachment-full size-full wp-image-272\" alt=\"\" srcset=\"https:\/\/www.anivise.fr\/wp-content\/uploads\/2026\/02\/475397745_622074327033399_7450021120523050525_n.jpg 1536w, https:\/\/www.anivise.fr\/wp-content\/uploads\/2026\/02\/475397745_622074327033399_7450021120523050525_n-225x300.jpg 225w, https:\/\/www.anivise.fr\/wp-content\/uploads\/2026\/02\/475397745_622074327033399_7450021120523050525_n-768x1024.jpg 768w, https:\/\/www.anivise.fr\/wp-content\/uploads\/2026\/02\/475397745_622074327033399_7450021120523050525_n-1152x1536.jpg 1152w\" sizes=\"(max-width: 1536px) 100vw, 1536px\" \/><\/a><\/figure><div class=\"elementor-image-box-content\"><h3 class=\"elementor-image-box-title\"><a href=\"https:\/\/www.anivise.fr\/index.php\/bien-etre-animal-et-ecologie-sensorielle\/\">Bien-\u00eatre animal et \u00e9cologie sensorielle<\/a><\/h3><p class=\"elementor-image-box-description\">Int\u00e9grer les capacit\u00e9s sensorielles afin d'optimiser l'h\u00e9bergement des esp\u00e8ces.<\/p><\/div><\/div>\t\t\t\t<\/div>\n\t\t\t\t<\/div>\n\t\t\t\t<div class=\"elementor-element elementor-element-5985ebf5 elementor-align-center elementor-widget elementor-widget-button\" data-id=\"5985ebf5\" data-element_type=\"widget\" data-widget_type=\"button.default\">\n\t\t\t\t<div class=\"elementor-widget-container\">\n\t\t\t\t\t\t\t\t\t<div class=\"elementor-button-wrapper\">\n\t\t\t\t\t<a class=\"elementor-button elementor-button-link elementor-size-sm\" href=\"https:\/\/www.anivise.fr\/index.php\/bien-etre-animal-et-ecologie-sensorielle\/\">\n\t\t\t\t\t\t<span class=\"elementor-button-content-wrapper\">\n\t\t\t\t\t\t\t\t\t<span class=\"elementor-button-text\">En savoir plus<\/span>\n\t\t\t\t\t<\/span>\n\t\t\t\t\t<\/a>\n\t\t\t\t<\/div>\n\t\t\t\t\t\t\t\t<\/div>\n\t\t\t\t<\/div>\n\t\t\t\t<\/div>\n\t\t<div class=\"elementor-element elementor-element-7b8165b3 e-con-full e-transform e-flex elementor-invisible e-con e-child\" data-id=\"7b8165b3\" data-element_type=\"container\" data-settings=\"{&quot;animation&quot;:&quot;fadeIn&quot;,&quot;_transform_scale_effect_hover&quot;:{&quot;unit&quot;:&quot;px&quot;,&quot;size&quot;:1.1,&quot;sizes&quot;:[]},&quot;_transform_scale_effect_hover_tablet&quot;:{&quot;unit&quot;:&quot;px&quot;,&quot;size&quot;:&quot;&quot;,&quot;sizes&quot;:[]},&quot;_transform_scale_effect_hover_mobile&quot;:{&quot;unit&quot;:&quot;px&quot;,&quot;size&quot;:&quot;&quot;,&quot;sizes&quot;:[]}}\">\n\t\t\t\t<div class=\"elementor-element elementor-element-74e45e0b elementor-position-top elementor-widget elementor-widget-image-box\" data-id=\"74e45e0b\" data-element_type=\"widget\" data-widget_type=\"image-box.default\">\n\t\t\t\t<div class=\"elementor-widget-container\">\n\t\t\t\t\t<div class=\"elementor-image-box-wrapper\"><figure class=\"elementor-image-box-img\"><a href=\"https:\/\/www.anivise.fr\/index.php\/reduction-des-collisions-faune-infrastructures\/\" tabindex=\"-1\"><img loading=\"lazy\" decoding=\"async\" width=\"1920\" height=\"1080\" src=\"https:\/\/www.anivise.fr\/wp-content\/uploads\/2026\/02\/475714404_622082077032624_6524110621827433973_n.jpg\" class=\"attachment-full size-full wp-image-273\" alt=\"\" srcset=\"https:\/\/www.anivise.fr\/wp-content\/uploads\/2026\/02\/475714404_622082077032624_6524110621827433973_n.jpg 1920w, https:\/\/www.anivise.fr\/wp-content\/uploads\/2026\/02\/475714404_622082077032624_6524110621827433973_n-300x169.jpg 300w, https:\/\/www.anivise.fr\/wp-content\/uploads\/2026\/02\/475714404_622082077032624_6524110621827433973_n-1024x576.jpg 1024w, https:\/\/www.anivise.fr\/wp-content\/uploads\/2026\/02\/475714404_622082077032624_6524110621827433973_n-768x432.jpg 768w, https:\/\/www.anivise.fr\/wp-content\/uploads\/2026\/02\/475714404_622082077032624_6524110621827433973_n-1536x864.jpg 1536w\" sizes=\"(max-width: 1920px) 100vw, 1920px\" \/><\/a><\/figure><div class=\"elementor-image-box-content\"><h3 class=\"elementor-image-box-title\"><a href=\"https:\/\/www.anivise.fr\/index.php\/reduction-des-collisions-faune-infrastructures\/\">R\u00e9duction des collisions avifaune et infrastructures<\/a><\/h3><p class=\"elementor-image-box-description\">Int\u00e9grer les capacit\u00e9s sensorielles pour r\u00e9duire les collisions.<\/p><\/div><\/div>\t\t\t\t<\/div>\n\t\t\t\t<\/div>\n\t\t\t\t<div class=\"elementor-element elementor-element-33b860ee elementor-align-center elementor-widget elementor-widget-button\" data-id=\"33b860ee\" data-element_type=\"widget\" data-widget_type=\"button.default\">\n\t\t\t\t<div class=\"elementor-widget-container\">\n\t\t\t\t\t\t\t\t\t<div class=\"elementor-button-wrapper\">\n\t\t\t\t\t<a class=\"elementor-button elementor-button-link elementor-size-sm\" href=\"https:\/\/www.anivise.fr\/index.php\/reduction-des-collisions-faune-infrastructures\/\">\n\t\t\t\t\t\t<span class=\"elementor-button-content-wrapper\">\n\t\t\t\t\t\t\t\t\t<span class=\"elementor-button-text\">En savoir plus<\/span>\n\t\t\t\t\t<\/span>\n\t\t\t\t\t<\/a>\n\t\t\t\t<\/div>\n\t\t\t\t\t\t\t\t<\/div>\n\t\t\t\t<\/div>\n\t\t\t\t<\/div>\n\t\t\t\t\t<\/div>\n\t\t\t\t<\/div>\n\t\t<div class=\"elementor-element elementor-element-665b4971 e-flex e-con-boxed e-con e-parent\" data-id=\"665b4971\" data-element_type=\"container\">\n\t\t\t\t\t<div class=\"e-con-inner\">\n\t\t\t\t<div class=\"elementor-element elementor-element-4b615043 elementor-widget elementor-widget-spacer\" data-id=\"4b615043\" data-element_type=\"widget\" data-widget_type=\"spacer.default\">\n\t\t\t\t<div class=\"elementor-widget-container\">\n\t\t\t\t\t\t\t<div class=\"elementor-spacer\">\n\t\t\t<div class=\"elementor-spacer-inner\"><\/div>\n\t\t<\/div>\n\t\t\t\t\t\t<\/div>\n\t\t\t\t<\/div>\n\t\t\t\t\t<\/div>\n\t\t\t\t<\/div>\n\t\t\t\t<\/div>\n\t\t","protected":false},"excerpt":{"rendered":"<p>CONSEIL Veille scientifique et communication Un appui scientifique individualis\u00e9 pour une communication adapt\u00e9e et sourc\u00e9e. En savoir plus Certificat de capacit\u00e9 et autorisation d&#8217;ouverture Un accompagnement individualis\u00e9 \u00e0 chaque \u00e9tape de la proc\u00e9dure. En savoir plus Tenue administrative des \u00e9tablissements Un accompagnement r\u00e9glementaire \u00e0 jour pour une bonne conformit\u00e9 des structures zoologiques. En savoir plus [&hellip;]<\/p>\n","protected":false},"author":2,"featured_media":0,"parent":0,"menu_order":0,"comment_status":"closed","ping_status":"closed","template":"","meta":{"footnotes":""},"class_list":["post-207","page","type-page","status-publish","hentry"],"_links":{"self":[{"href":"https:\/\/www.anivise.fr\/index.php\/wp-json\/wp\/v2\/pages\/207","targetHints":{"allow":["GET"]}}],"collection":[{"href":"https:\/\/www.anivise.fr\/index.php\/wp-json\/wp\/v2\/pages"}],"about":[{"href":"https:\/\/www.anivise.fr\/index.php\/wp-json\/wp\/v2\/types\/page"}],"author":[{"embeddable":true,"href":"https:\/\/www.anivise.fr\/index.php\/wp-json\/wp\/v2\/users\/2"}],"replies":[{"embeddable":true,"href":"https:\/\/www.anivise.fr\/index.php\/wp-json\/wp\/v2\/comments?post=207"}],"version-history":[{"count":67,"href":"https:\/\/www.anivise.fr\/index.php\/wp-json\/wp\/v2\/pages\/207\/revisions"}],"predecessor-version":[{"id":983,"href":"https:\/\/www.anivise.fr\/index.php\/wp-json\/wp\/v2\/pages\/207\/revisions\/983"}],"wp:attachment":[{"href":"https:\/\/www.anivise.fr\/index.php\/wp-json\/wp\/v2\/media?parent=207"}],"curies":[{"name":"wp","href":"https:\/\/api.w.org\/{rel}","templated":true}]}}