{"id":231,"date":"2026-02-20T17:17:23","date_gmt":"2026-02-20T17:17:23","guid":{"rendered":"https:\/\/www.anivise.fr\/?page_id=231"},"modified":"2026-03-12T11:29:27","modified_gmt":"2026-03-12T11:29:27","slug":"bien-etre-animal","status":"publish","type":"page","link":"https:\/\/www.anivise.fr\/index.php\/bien-etre-animal\/","title":{"rendered":"Bien-\u00eatre animal"},"content":{"rendered":"\t\t<div data-elementor-type=\"wp-page\" data-elementor-id=\"231\" class=\"elementor elementor-231\" data-elementor-post-type=\"page\">\n\t\t\t\t<div class=\"elementor-element elementor-element-29a9070 e-flex e-con-boxed e-con e-child\" data-id=\"29a9070\" data-element_type=\"container\" data-settings=\"{&quot;background_background&quot;:&quot;classic&quot;}\">\n\t\t\t\t\t<div class=\"e-con-inner\">\n\t\t\t\t<div class=\"elementor-element elementor-element-c252cd9 elementor-widget elementor-widget-heading\" data-id=\"c252cd9\" data-element_type=\"widget\" data-widget_type=\"heading.default\">\n\t\t\t\t<div class=\"elementor-widget-container\">\n\t\t\t\t\t<h2 class=\"elementor-heading-title elementor-size-default\">BIEN-\u00caTRE ANIMAL<\/h2>\t\t\t\t<\/div>\n\t\t\t\t<\/div>\n\t\t\t\t\t<\/div>\n\t\t\t\t<\/div>\n\t\t<div class=\"elementor-element elementor-element-6c7a6db6 e-flex e-con-boxed e-con e-parent\" data-id=\"6c7a6db6\" data-element_type=\"container\">\n\t\t\t\t\t<div class=\"e-con-inner\">\n\t\t\t\t<div class=\"elementor-element elementor-element-5550bfbf elementor-widget elementor-widget-text-editor\" data-id=\"5550bfbf\" data-element_type=\"widget\" data-widget_type=\"text-editor.default\">\n\t\t\t\t<div class=\"elementor-widget-container\">\n\t\t\t\t\t\t\t\t\t<p data-start=\"84\" data-end=\"251\">Nous accompagnons les structures zoologiques dans l\u2019\u00e9valuation scientifique du bien-\u00eatre animal, avec une expertise particuli\u00e8re en oiseaux et en \u00e9cologie sensorielle.<\/p><p data-start=\"253\" data-end=\"567\">Nos projets reposent sur une d\u00e9marche rigoureuse : d\u00e9finition d\u2019indicateurs adapt\u00e9s, mise en place de protocoles, formation des \u00e9quipes, analyses et valorisation des r\u00e9sultats. Nos comp\u00e9tences uniques en \u00e9cologie sensorielle permettent d&#8217;int\u00e9grer les capacit\u00e9s perceptives r\u00e9elles des esp\u00e8ces afin d\u2019am\u00e9liorer les conditions d\u2019h\u00e9bergement.<\/p><p data-start=\"569\" data-end=\"686\" data-is-last-node=\"\" data-is-only-node=\"\">Objectif : fonder les pratiques sur des donn\u00e9es scientifiques solides pour am\u00e9liorer durablement le bien-\u00eatre animal.<\/p>\t\t\t\t\t\t\t\t<\/div>\n\t\t\t\t<\/div>\n\t\t\t\t\t<\/div>\n\t\t\t\t<\/div>\n\t\t<div class=\"elementor-element elementor-element-60a56d43 e-flex e-con-boxed e-con e-parent\" data-id=\"60a56d43\" data-element_type=\"container\">\n\t\t\t\t\t<div class=\"e-con-inner\">\n\t\t<div class=\"elementor-element elementor-element-6bbc9c3e e-con-full e-transform e-flex elementor-invisible e-con e-child\" data-id=\"6bbc9c3e\" data-element_type=\"container\" data-settings=\"{&quot;animation&quot;:&quot;fadeIn&quot;,&quot;_transform_scale_effect_hover&quot;:{&quot;unit&quot;:&quot;px&quot;,&quot;size&quot;:1.1,&quot;sizes&quot;:[]},&quot;_transform_scale_effect_hover_tablet&quot;:{&quot;unit&quot;:&quot;px&quot;,&quot;size&quot;:&quot;&quot;,&quot;sizes&quot;:[]},&quot;_transform_scale_effect_hover_mobile&quot;:{&quot;unit&quot;:&quot;px&quot;,&quot;size&quot;:&quot;&quot;,&quot;sizes&quot;:[]}}\">\n\t\t\t\t<div class=\"elementor-element elementor-element-6d69f256 elementor-position-top elementor-widget elementor-widget-image-box\" data-id=\"6d69f256\" data-element_type=\"widget\" data-widget_type=\"image-box.default\">\n\t\t\t\t<div class=\"elementor-widget-container\">\n\t\t\t\t\t<div class=\"elementor-image-box-wrapper\"><figure class=\"elementor-image-box-img\"><a href=\"https:\/\/www.anivise.fr\/index.php\/formation-bien-etre-des-oiseaux\/\" tabindex=\"-1\"><img fetchpriority=\"high\" decoding=\"async\" width=\"2560\" height=\"1920\" src=\"https:\/\/www.anivise.fr\/wp-content\/uploads\/2026\/02\/FullSizeRender-scaled.jpg\" class=\"attachment-full size-full wp-image-87\" alt=\"\" srcset=\"https:\/\/www.anivise.fr\/wp-content\/uploads\/2026\/02\/FullSizeRender-scaled.jpg 2560w, https:\/\/www.anivise.fr\/wp-content\/uploads\/2026\/02\/FullSizeRender-300x225.jpg 300w, https:\/\/www.anivise.fr\/wp-content\/uploads\/2026\/02\/FullSizeRender-1024x768.jpg 1024w, https:\/\/www.anivise.fr\/wp-content\/uploads\/2026\/02\/FullSizeRender-768x576.jpg 768w, https:\/\/www.anivise.fr\/wp-content\/uploads\/2026\/02\/FullSizeRender-1536x1152.jpg 1536w, https:\/\/www.anivise.fr\/wp-content\/uploads\/2026\/02\/FullSizeRender-2048x1536.jpg 2048w\" sizes=\"(max-width: 2560px) 100vw, 2560px\" \/><\/a><\/figure><div class=\"elementor-image-box-content\"><h3 class=\"elementor-image-box-title\"><a href=\"https:\/\/www.anivise.fr\/index.php\/formation-bien-etre-des-oiseaux\/\">Formation \"Bien-\u00eatre des oiseaux\"<\/a><\/h3><\/div><\/div>\t\t\t\t<\/div>\n\t\t\t\t<\/div>\n\t\t\t\t<div class=\"elementor-element elementor-element-4446cfe4 elementor-align-center elementor-widget elementor-widget-button\" data-id=\"4446cfe4\" data-element_type=\"widget\" data-widget_type=\"button.default\">\n\t\t\t\t<div class=\"elementor-widget-container\">\n\t\t\t\t\t\t\t\t\t<div class=\"elementor-button-wrapper\">\n\t\t\t\t\t<a class=\"elementor-button elementor-button-link elementor-size-sm\" href=\"https:\/\/www.anivise.fr\/index.php\/formation-bien-etre-des-oiseaux\/\">\n\t\t\t\t\t\t<span class=\"elementor-button-content-wrapper\">\n\t\t\t\t\t\t\t\t\t<span class=\"elementor-button-text\">En savoir plus<\/span>\n\t\t\t\t\t<\/span>\n\t\t\t\t\t<\/a>\n\t\t\t\t<\/div>\n\t\t\t\t\t\t\t\t<\/div>\n\t\t\t\t<\/div>\n\t\t\t\t<\/div>\n\t\t<div class=\"elementor-element elementor-element-abe45b4 e-con-full e-transform e-flex elementor-invisible e-con e-child\" data-id=\"abe45b4\" data-element_type=\"container\" data-settings=\"{&quot;animation&quot;:&quot;fadeIn&quot;,&quot;_transform_scale_effect_hover&quot;:{&quot;unit&quot;:&quot;px&quot;,&quot;size&quot;:1.1,&quot;sizes&quot;:[]},&quot;_transform_scale_effect_hover_tablet&quot;:{&quot;unit&quot;:&quot;px&quot;,&quot;size&quot;:&quot;&quot;,&quot;sizes&quot;:[]},&quot;_transform_scale_effect_hover_mobile&quot;:{&quot;unit&quot;:&quot;px&quot;,&quot;size&quot;:&quot;&quot;,&quot;sizes&quot;:[]}}\">\n\t\t\t\t<div class=\"elementor-element elementor-element-2bb1e12a elementor-position-top elementor-widget elementor-widget-image-box\" data-id=\"2bb1e12a\" data-element_type=\"widget\" data-widget_type=\"image-box.default\">\n\t\t\t\t<div class=\"elementor-widget-container\">\n\t\t\t\t\t<div class=\"elementor-image-box-wrapper\"><figure class=\"elementor-image-box-img\"><a href=\"https:\/\/www.anivise.fr\/index.php\/bien-etre-animal-et-ecologie-sensorielle\/\" tabindex=\"-1\"><img decoding=\"async\" width=\"2560\" height=\"1920\" src=\"https:\/\/www.anivise.fr\/wp-content\/uploads\/2026\/02\/FullSizeRender-3-scaled.jpg\" class=\"attachment-full size-full wp-image-79\" alt=\"\" srcset=\"https:\/\/www.anivise.fr\/wp-content\/uploads\/2026\/02\/FullSizeRender-3-scaled.jpg 2560w, https:\/\/www.anivise.fr\/wp-content\/uploads\/2026\/02\/FullSizeRender-3-300x225.jpg 300w, https:\/\/www.anivise.fr\/wp-content\/uploads\/2026\/02\/FullSizeRender-3-1024x768.jpg 1024w, https:\/\/www.anivise.fr\/wp-content\/uploads\/2026\/02\/FullSizeRender-3-768x576.jpg 768w, https:\/\/www.anivise.fr\/wp-content\/uploads\/2026\/02\/FullSizeRender-3-1536x1152.jpg 1536w, https:\/\/www.anivise.fr\/wp-content\/uploads\/2026\/02\/FullSizeRender-3-2048x1536.jpg 2048w\" sizes=\"(max-width: 2560px) 100vw, 2560px\" \/><\/a><\/figure><div class=\"elementor-image-box-content\"><h3 class=\"elementor-image-box-title\"><a href=\"https:\/\/www.anivise.fr\/index.php\/bien-etre-animal-et-ecologie-sensorielle\/\">Conseil en \u00e9cologie sensorielle<\/a><\/h3><\/div><\/div>\t\t\t\t<\/div>\n\t\t\t\t<\/div>\n\t\t\t\t<div class=\"elementor-element elementor-element-61800cc4 elementor-align-center elementor-widget elementor-widget-button\" data-id=\"61800cc4\" data-element_type=\"widget\" data-widget_type=\"button.default\">\n\t\t\t\t<div class=\"elementor-widget-container\">\n\t\t\t\t\t\t\t\t\t<div class=\"elementor-button-wrapper\">\n\t\t\t\t\t<a class=\"elementor-button elementor-button-link elementor-size-sm\" href=\"https:\/\/www.anivise.fr\/index.php\/bien-etre-animal-et-ecologie-sensorielle\/\">\n\t\t\t\t\t\t<span class=\"elementor-button-content-wrapper\">\n\t\t\t\t\t\t\t\t\t<span class=\"elementor-button-text\">En savoir plus<\/span>\n\t\t\t\t\t<\/span>\n\t\t\t\t\t<\/a>\n\t\t\t\t<\/div>\n\t\t\t\t\t\t\t\t<\/div>\n\t\t\t\t<\/div>\n\t\t\t\t<\/div>\n\t\t<div class=\"elementor-element elementor-element-64597d9c e-con-full e-transform e-flex elementor-invisible e-con e-child\" data-id=\"64597d9c\" data-element_type=\"container\" data-settings=\"{&quot;animation&quot;:&quot;fadeIn&quot;,&quot;_transform_scale_effect_hover&quot;:{&quot;unit&quot;:&quot;px&quot;,&quot;size&quot;:1.1,&quot;sizes&quot;:[]},&quot;_transform_scale_effect_hover_tablet&quot;:{&quot;unit&quot;:&quot;px&quot;,&quot;size&quot;:&quot;&quot;,&quot;sizes&quot;:[]},&quot;_transform_scale_effect_hover_mobile&quot;:{&quot;unit&quot;:&quot;px&quot;,&quot;size&quot;:&quot;&quot;,&quot;sizes&quot;:[]}}\">\n\t\t\t\t<div class=\"elementor-element elementor-element-1ac852b0 elementor-position-top elementor-widget elementor-widget-image-box\" data-id=\"1ac852b0\" data-element_type=\"widget\" data-widget_type=\"image-box.default\">\n\t\t\t\t<div class=\"elementor-widget-container\">\n\t\t\t\t\t<div class=\"elementor-image-box-wrapper\"><figure class=\"elementor-image-box-img\"><img decoding=\"async\" width=\"1536\" height=\"2048\" src=\"https:\/\/www.anivise.fr\/wp-content\/uploads\/2026\/02\/WhatsApp-Image-2025-09-25-at-14.58.44.jpeg\" class=\"attachment-full size-full wp-image-262\" alt=\"\" srcset=\"https:\/\/www.anivise.fr\/wp-content\/uploads\/2026\/02\/WhatsApp-Image-2025-09-25-at-14.58.44.jpeg 1536w, https:\/\/www.anivise.fr\/wp-content\/uploads\/2026\/02\/WhatsApp-Image-2025-09-25-at-14.58.44-225x300.jpeg 225w, https:\/\/www.anivise.fr\/wp-content\/uploads\/2026\/02\/WhatsApp-Image-2025-09-25-at-14.58.44-768x1024.jpeg 768w, https:\/\/www.anivise.fr\/wp-content\/uploads\/2026\/02\/WhatsApp-Image-2025-09-25-at-14.58.44-1152x1536.jpeg 1152w\" sizes=\"(max-width: 1536px) 100vw, 1536px\" \/><\/figure><div class=\"elementor-image-box-content\"><h3 class=\"elementor-image-box-title\">Recherche scientifique en bien-\u00eatre animal<\/h3><\/div><\/div>\t\t\t\t<\/div>\n\t\t\t\t<\/div>\n\t\t\t\t<div class=\"elementor-element elementor-element-1b09ad33 elementor-align-center elementor-widget elementor-widget-button\" data-id=\"1b09ad33\" data-element_type=\"widget\" data-widget_type=\"button.default\">\n\t\t\t\t<div class=\"elementor-widget-container\">\n\t\t\t\t\t\t\t\t\t<div class=\"elementor-button-wrapper\">\n\t\t\t\t\t<a class=\"elementor-button elementor-button-link elementor-size-sm\" href=\"#\">\n\t\t\t\t\t\t<span class=\"elementor-button-content-wrapper\">\n\t\t\t\t\t\t\t\t\t<span class=\"elementor-button-text\">En savoir plus<\/span>\n\t\t\t\t\t<\/span>\n\t\t\t\t\t<\/a>\n\t\t\t\t<\/div>\n\t\t\t\t\t\t\t\t<\/div>\n\t\t\t\t<\/div>\n\t\t\t\t<\/div>\n\t\t<div class=\"elementor-element elementor-element-a55985d e-con-full e-flex e-con e-child\" data-id=\"a55985d\" data-element_type=\"container\">\n\t\t\t\t<div class=\"elementor-element elementor-element-93cae26 elementor-widget elementor-widget-spacer\" data-id=\"93cae26\" data-element_type=\"widget\" data-widget_type=\"spacer.default\">\n\t\t\t\t<div class=\"elementor-widget-container\">\n\t\t\t\t\t\t\t<div class=\"elementor-spacer\">\n\t\t\t<div class=\"elementor-spacer-inner\"><\/div>\n\t\t<\/div>\n\t\t\t\t\t\t<\/div>\n\t\t\t\t<\/div>\n\t\t\t\t<\/div>\n\t\t\t\t\t<\/div>\n\t\t\t\t<\/div>\n\t\t<div class=\"elementor-element elementor-element-42121f1 e-flex e-con-boxed e-con e-parent\" data-id=\"42121f1\" data-element_type=\"container\">\n\t\t\t\t\t<div class=\"e-con-inner\">\n\t\t\t\t<div class=\"elementor-element elementor-element-b4a588a elementor-widget elementor-widget-heading\" data-id=\"b4a588a\" data-element_type=\"widget\" data-widget_type=\"heading.default\">\n\t\t\t\t<div class=\"elementor-widget-container\">\n\t\t\t\t\t<h2 class=\"elementor-heading-title elementor-size-default\">Une collaboration \u00e9troite<\/h2>\t\t\t\t<\/div>\n\t\t\t\t<\/div>\n\t\t<div class=\"elementor-element elementor-element-6b8129a e-con-full e-flex e-con e-child\" data-id=\"6b8129a\" data-element_type=\"container\" data-settings=\"{&quot;background_background&quot;:&quot;classic&quot;}\">\n\t\t<div class=\"elementor-element elementor-element-7cea261 e-con-full e-flex e-con e-child\" data-id=\"7cea261\" data-element_type=\"container\">\n\t\t\t\t<div class=\"elementor-element elementor-element-508a0c1 elementor-widget elementor-widget-image\" data-id=\"508a0c1\" data-element_type=\"widget\" data-widget_type=\"image.default\">\n\t\t\t\t<div class=\"elementor-widget-container\">\n\t\t\t\t\t\t\t\t\t\t\t\t\t\t\t<img loading=\"lazy\" decoding=\"async\" width=\"800\" height=\"620\" src=\"https:\/\/www.anivise.fr\/wp-content\/uploads\/2026\/03\/bc46a33b5ebb2d19b0c84c4a9b0b1ccd59822102-2817x2184-1-1024x794.png\" class=\"attachment-large size-large wp-image-682\" alt=\"\" srcset=\"https:\/\/www.anivise.fr\/wp-content\/uploads\/2026\/03\/bc46a33b5ebb2d19b0c84c4a9b0b1ccd59822102-2817x2184-1-1024x794.png 1024w, https:\/\/www.anivise.fr\/wp-content\/uploads\/2026\/03\/bc46a33b5ebb2d19b0c84c4a9b0b1ccd59822102-2817x2184-1-300x233.png 300w, https:\/\/www.anivise.fr\/wp-content\/uploads\/2026\/03\/bc46a33b5ebb2d19b0c84c4a9b0b1ccd59822102-2817x2184-1-768x595.png 768w, https:\/\/www.anivise.fr\/wp-content\/uploads\/2026\/03\/bc46a33b5ebb2d19b0c84c4a9b0b1ccd59822102-2817x2184-1-1536x1191.png 1536w, https:\/\/www.anivise.fr\/wp-content\/uploads\/2026\/03\/bc46a33b5ebb2d19b0c84c4a9b0b1ccd59822102-2817x2184-1-2048x1588.png 2048w\" sizes=\"(max-width: 800px) 100vw, 800px\" \/>\t\t\t\t\t\t\t\t\t\t\t\t\t\t\t<\/div>\n\t\t\t\t<\/div>\n\t\t<div class=\"elementor-element elementor-element-f16aa45 e-con-full e-flex e-con e-child\" data-id=\"f16aa45\" data-element_type=\"container\">\n\t\t\t\t<div class=\"elementor-element elementor-element-ca0e598 elementor-widget elementor-widget-text-editor\" data-id=\"ca0e598\" data-element_type=\"widget\" data-widget_type=\"text-editor.default\">\n\t\t\t\t<div class=\"elementor-widget-container\">\n\t\t\t\t\t\t\t\t\t<p>Nous collaborons r\u00e9guli\u00e8rement avec le bureau d&#8217;\u00e9tudes Akongo, sp\u00e9cialis\u00e9 dans l&#8217;\u00e9valuation du bien-\u00eatre animal dans les structures zoologiques.\u00a0<br \/><br \/>Cette collaboration permet une compl\u00e9mentarit\u00e9 des comp\u00e9tences et une offre compl\u00e8te.<\/p>\t\t\t\t\t\t\t\t<\/div>\n\t\t\t\t<\/div>\n\t\t\t\t<\/div>\n\t\t\t\t<div class=\"elementor-element elementor-element-a38ed59 elementor-align-center elementor-widget elementor-widget-button\" data-id=\"a38ed59\" data-element_type=\"widget\" data-widget_type=\"button.default\">\n\t\t\t\t<div class=\"elementor-widget-container\">\n\t\t\t\t\t\t\t\t\t<div class=\"elementor-button-wrapper\">\n\t\t\t\t\t<a class=\"elementor-button elementor-button-link elementor-size-sm\" href=\"https:\/\/www.akongo.fr\/fr-FR\/home\">\n\t\t\t\t\t\t<span class=\"elementor-button-content-wrapper\">\n\t\t\t\t\t\t\t\t\t<span class=\"elementor-button-text\">D\u00e9couvrir Akongo ><\/span>\n\t\t\t\t\t<\/span>\n\t\t\t\t\t<\/a>\n\t\t\t\t<\/div>\n\t\t\t\t\t\t\t\t<\/div>\n\t\t\t\t<\/div>\n\t\t\t\t<\/div>\n\t\t\t\t<div class=\"elementor-element elementor-element-7d9b98e elementor-widget elementor-widget-image\" data-id=\"7d9b98e\" data-element_type=\"widget\" data-widget_type=\"image.default\">\n\t\t\t\t<div class=\"elementor-widget-container\">\n\t\t\t\t\t\t\t\t\t\t\t\t\t\t\t<img loading=\"lazy\" decoding=\"async\" width=\"800\" height=\"600\" src=\"https:\/\/www.anivise.fr\/wp-content\/uploads\/2026\/03\/WhatsApp-Image-2026-01-21-at-13.45.44-1024x768.jpeg\" class=\"attachment-large size-large wp-image-677\" alt=\"\" srcset=\"https:\/\/www.anivise.fr\/wp-content\/uploads\/2026\/03\/WhatsApp-Image-2026-01-21-at-13.45.44-1024x768.jpeg 1024w, https:\/\/www.anivise.fr\/wp-content\/uploads\/2026\/03\/WhatsApp-Image-2026-01-21-at-13.45.44-300x225.jpeg 300w, https:\/\/www.anivise.fr\/wp-content\/uploads\/2026\/03\/WhatsApp-Image-2026-01-21-at-13.45.44-768x576.jpeg 768w, https:\/\/www.anivise.fr\/wp-content\/uploads\/2026\/03\/WhatsApp-Image-2026-01-21-at-13.45.44-1536x1152.jpeg 1536w, https:\/\/www.anivise.fr\/wp-content\/uploads\/2026\/03\/WhatsApp-Image-2026-01-21-at-13.45.44.jpeg 1600w\" sizes=\"(max-width: 800px) 100vw, 800px\" \/>\t\t\t\t\t\t\t\t\t\t\t\t\t\t\t<\/div>\n\t\t\t\t<\/div>\n\t\t\t\t<\/div>\n\t\t\t\t\t<\/div>\n\t\t\t\t<\/div>\n\t\t<div class=\"elementor-element elementor-element-8f97592 e-flex e-con-boxed e-con e-parent\" data-id=\"8f97592\" data-element_type=\"container\">\n\t\t\t\t\t<div class=\"e-con-inner\">\n\t\t\t\t<div class=\"elementor-element elementor-element-684af2c elementor-widget elementor-widget-spacer\" data-id=\"684af2c\" data-element_type=\"widget\" data-widget_type=\"spacer.default\">\n\t\t\t\t<div class=\"elementor-widget-container\">\n\t\t\t\t\t\t\t<div class=\"elementor-spacer\">\n\t\t\t<div class=\"elementor-spacer-inner\"><\/div>\n\t\t<\/div>\n\t\t\t\t\t\t<\/div>\n\t\t\t\t<\/div>\n\t\t\t\t\t<\/div>\n\t\t\t\t<\/div>\n\t\t\t\t<\/div>\n\t\t","protected":false},"excerpt":{"rendered":"<p>BIEN-\u00caTRE ANIMAL Nous accompagnons les structures zoologiques dans l\u2019\u00e9valuation scientifique du bien-\u00eatre animal, avec une expertise particuli\u00e8re en oiseaux et en \u00e9cologie sensorielle. Nos projets reposent sur une d\u00e9marche rigoureuse : d\u00e9finition d\u2019indicateurs adapt\u00e9s, mise en place de protocoles, formation des \u00e9quipes, analyses et valorisation des r\u00e9sultats. Nos comp\u00e9tences uniques en \u00e9cologie sensorielle permettent d&#8217;int\u00e9grer [&hellip;]<\/p>\n","protected":false},"author":2,"featured_media":0,"parent":0,"menu_order":0,"comment_status":"closed","ping_status":"closed","template":"","meta":{"footnotes":""},"class_list":["post-231","page","type-page","status-publish","hentry"],"_links":{"self":[{"href":"https:\/\/www.anivise.fr\/index.php\/wp-json\/wp\/v2\/pages\/231","targetHints":{"allow":["GET"]}}],"collection":[{"href":"https:\/\/www.anivise.fr\/index.php\/wp-json\/wp\/v2\/pages"}],"about":[{"href":"https:\/\/www.anivise.fr\/index.php\/wp-json\/wp\/v2\/types\/page"}],"author":[{"embeddable":true,"href":"https:\/\/www.anivise.fr\/index.php\/wp-json\/wp\/v2\/users\/2"}],"replies":[{"embeddable":true,"href":"https:\/\/www.anivise.fr\/index.php\/wp-json\/wp\/v2\/comments?post=231"}],"version-history":[{"count":37,"href":"https:\/\/www.anivise.fr\/index.php\/wp-json\/wp\/v2\/pages\/231\/revisions"}],"predecessor-version":[{"id":992,"href":"https:\/\/www.anivise.fr\/index.php\/wp-json\/wp\/v2\/pages\/231\/revisions\/992"}],"wp:attachment":[{"href":"https:\/\/www.anivise.fr\/index.php\/wp-json\/wp\/v2\/media?parent=231"}],"curies":[{"name":"wp","href":"https:\/\/api.w.org\/{rel}","templated":true}]}}